{"id":2734,"date":"2024-12-21T18:00:00","date_gmt":"2024-12-21T17:00:00","guid":{"rendered":"https:\/\/www.wbg-werdohl.de\/?page_id=2734"},"modified":"2024-12-21T18:02:45","modified_gmt":"2024-12-21T17:02:45","slug":"startseite","status":"publish","type":"page","link":"https:\/\/www.wbg-werdohl.de\/","title":{"rendered":"Startseite"},"content":{"rendered":"<figure id=\"attachment_3229\" aria-describedby=\"caption-attachment-3229\" style=\"width: 455px\" class=\"wp-caption alignright\"><a href=\"https:\/\/www.wbg-werdohl.de\/wp-content\/uploads\/2020\/06\/mitgestalten-1.png\" data-rel=\"lightbox-image-0\" data-rl_title=\"\" data-rl_caption=\"\" title=\"\"><img loading=\"lazy\" decoding=\"async\" class=\"wp-image-3229 size-full\" src=\"https:\/\/www.wbg-werdohl.de\/wp-content\/uploads\/2020\/06\/mitgestalten-1.png\" alt=\"WBG-Werdohl\" width=\"455\" height=\"866\" srcset=\"https:\/\/www.wbg-werdohl.de\/wp-content\/uploads\/2020\/06\/mitgestalten-1.png 455w, https:\/\/www.wbg-werdohl.de\/wp-content\/uploads\/2020\/06\/mitgestalten-1-158x300.png 158w, https:\/\/www.wbg-werdohl.de\/wp-content\/uploads\/2020\/06\/mitgestalten-1-39x75.png 39w\" sizes=\"auto, (max-width: 455px) 100vw, 455px\" \/><\/a><figcaption id=\"caption-attachment-3229\" class=\"wp-caption-text\">Design: www.kloenart.de<\/figcaption><\/figure>\n<p>Die <strong>Werdohler B\u00fcrger Gemeinschaft<\/strong> ist ein Zusammenschlu\u00df parteipolitisch nicht gebundener B\u00fcrgerinnen und B\u00fcrger,<\/p>\n<ul>\n<li>die sich aktiv an der Gestaltung und Verwaltung ihrer Stadt beteiligen m\u00f6chten.<\/li>\n<li>die bereit sind, sich Herausforderungen zu stellen und Verantwortung zu \u00fcbernehmen.<\/li>\n<li>denen das Wohl der Stadt Werdohl am Herzen liegt und die ihre Entscheidungen ideologiefrei mit Beteiligung der B\u00fcrgerinnen und B\u00fcrger trifft.<\/li>\n<li>die vertrauensvoller Ansprechpartner f\u00fcr die W\u00fcnsche und Probleme von Werdohler B\u00fcrgerinnen und B\u00fcrgern sein m\u00f6chten.<\/li>\n<\/ul>\n<p>Gemeinsam mit vielen verschiedenen Menschen, die mit vielen kleinen Schritten an unterschiedlichen Orten einiges ver\u00e4ndern k\u00f6nnen, m\u00f6chten wir Werdohl besser machen.<\/p>\n<p><strong>B\u00fcrger f\u00fcr Werdohl<\/strong><\/p>\n<p><strong> Wir f\u00fcr Werdohl<br \/>\n<\/strong><\/p>\n<p>Wir gestalten Politik f\u00fcr alle Generationen. B\u00fcrgern\u00e4he, Zuverl\u00e4ssigkeit, Verbindlichkeit und Aufrichtigkeit sind f\u00fcr die WBG selbstverst\u00e4ndlich und unverzichtbar.<\/p>\n<p>Kommen Sie mit Ihren Anregungen und Ideen, mit Ihren Anliegen und Sorgen zu uns. Gemeinsam mit Ihnen, suchen wir nach guten Wegen und hilfreichen L\u00f6sungen im Sinne unseres Mottos: <strong>B\u00fcrger f\u00fcr Werdohl \/ Wir f\u00fcr Werdohl<br \/>\n<\/strong><\/p>\n<p>F\u00fcr ein gutes und vertrauensvolles Miteinander und F\u00fcreinander in unserer Stadt. Schenken Sie der WBG Ihr Vertrauen.<\/p>\n","protected":false},"excerpt":{"rendered":"<p>Die Werdohler B\u00fcrger Gemeinschaft ist ein Zusammenschlu\u00df parteipolitisch nicht gebundener B\u00fcrgerinnen und B\u00fcrger, die sich aktiv an der Gestaltung und Verwaltung ihrer Stadt beteiligen m\u00f6chten. die bereit sind, sich Herausforderungen [&hellip;]<\/p>\n","protected":false},"author":4,"featured_media":0,"parent":0,"menu_order":0,"comment_status":"closed","ping_status":"closed","template":"","meta":{"footnotes":""},"class_list":["post-2734","page","type-page","status-publish","czr-hentry"],"_links":{"self":[{"href":"https:\/\/www.wbg-werdohl.de\/index.php?rest_route=\/wp\/v2\/pages\/2734","targetHints":{"allow":["GET"]}}],"collection":[{"href":"https:\/\/www.wbg-werdohl.de\/index.php?rest_route=\/wp\/v2\/pages"}],"about":[{"href":"https:\/\/www.wbg-werdohl.de\/index.php?rest_route=\/wp\/v2\/types\/page"}],"author":[{"embeddable":true,"href":"https:\/\/www.wbg-werdohl.de\/index.php?rest_route=\/wp\/v2\/users\/4"}],"replies":[{"embeddable":true,"href":"https:\/\/www.wbg-werdohl.de\/index.php?rest_route=%2Fwp%2Fv2%2Fcomments&post=2734"}],"version-history":[{"count":24,"href":"https:\/\/www.wbg-werdohl.de\/index.php?rest_route=\/wp\/v2\/pages\/2734\/revisions"}],"predecessor-version":[{"id":5152,"href":"https:\/\/www.wbg-werdohl.de\/index.php?rest_route=\/wp\/v2\/pages\/2734\/revisions\/5152"}],"wp:attachment":[{"href":"https:\/\/www.wbg-werdohl.de\/index.php?rest_route=%2Fwp%2Fv2%2Fmedia&parent=2734"}],"curies":[{"name":"wp","href":"https:\/\/api.w.org\/{rel}","templated":true}]}}